- w, -6 = -2*h + k*w. Suppose 12*n - 70 = h*n. Is n a prime number?
False
Is (2/(-3))/(-9 - (-934716)/103860) a prime number?
False
Let p(y) = y**2 + 25 + 0*y**2 - 3*y - y. Let c be p(8). Suppose 3*h - c = 6. Is h a composite number?
True
Let x be 36/2*39*-2. Let q = x - -3583. Is q a prime number?
True
Let j be ((-56)/(-42))/((-2)/(-6)). Suppose -j*s + 75 = -57. Is s composite?
True
Let x(p) = 694*p**2 - 3*p - 10. Is x(-3) prime?
False
Let d(u) = 99*u**2 - 2*u - 18. Let t be d(-5). Suppose -9*a + t + 1304 = 0. Is a prime?
True
Let y(f) = f**3 + 7*f**2 + f + 10. Let c be y(-7). Suppose 0*z - 2*w + 20 = c*z, -5*z - 4*w + 32 = 0. Let i = -1 + z. Is i composite?
False
Let s(v) be the third derivative of -v**4/24 + 149*v**3/6 - 18*v**2. Is s(0) a composite number?
False
Let a(t) = -t**3 + 12*t**2 + 12*t + 2. Let f be a(9). Let c = f + -96. Is c a prime number?
True
Suppose 3312 = 10*i - 4*i. Let c be (-4)/10 - (-27)/5. Suppose 0 = -c*k + i + 883. Is k a prime number?
False
Suppose 0*v - 3*v = 2*o + 439, 5*v - 200 = o. Let t = 394 + o. Is t a composite number?
False
Suppose 40*h - 21*h = 1418198. Is h a composite number?
True
Suppose 4*v + 3*f - 4 = 13, -5*v + 4*f = -29. Suppose v*g - 6778 = 177. Is g prime?
False
Let c(t) = -1210*t - 2. Let u be c(-4). Suppose -6*i - 332 + u = 0. Is i a composite number?
False
Let g(i) = 3*i**2 - 15*i - 125. Is g(-22) a composite number?
False
Let i be 2010/9 + (-12)/9. Let h be (i/(-5))/((-2)/15). Suppose -4*n = -h + 25. Is n a composite number?
True
Let o be 6*4/(-16)*2. Let u be o - -4 - 12/(-2). Is (-5962)/(-8) - u/28 a composite number?
True
Let j(q) be the second derivative of q**7/2520 + 13*q**5/120 - q**4/3 - 5*q. Let k(g) be the third derivative of j(g). Is k(-9) composite?
True
Is ((-14)/3)/(-3 - 134945/(-44985)) a prime number?
False
Suppose -20*s + 170191 + 57109 = 0. Is s a prime number?
False
Suppose -40 = p - 0*p - 3*r, -3*p - 108 = -3*r. Let g = p + 38. Is 223*((-20)/(-5))/g a composite number?
False
Suppose -2*j = 4*g - 351350, -3*g - 25*j = -20*j - 263502. Is g prime?
False
Suppose 4*o + 5*k = 6834, 15*k + 5137 = 3*o + 13*k. Is o prime?
False
Let w(r) = -6*r + 3. Let b(d) = d - 9. Let g be b(10). Let m be w(g). Is (-285)/(-10)*(-2)/m prime?
True
Suppose 5*t + 4 = t, 2*t = -5*n + 3173. Is n composite?
True
Let d(l) = -l + 7. Let a be d(3). Suppose -338 + 42 = -a*o. Is o composite?
True
Let r = 4619 + 6035. Suppose t = -t + r. Is t prime?
False
Let p be 27/12 + (-2)/8. Let d = -2 + p. Suppose d = 3*c - 70 - 29. Is c a prime number?
False
Is (-123 + 121)*61879/(-2) composite?
False
Let r(f) = -f**3 - 5*f**2 - 31*f - 82. Is r(-29) composite?
False
Suppose -m + g = 170, 3*g = 5*m + 4*g + 856. Let k = 1364 - m. Is k prime?
False
Suppose -3*m + 99627 = -5*q, -m + 5*m = -q + 132836. Is m prime?
False
Suppose -2*q - 2*v - 6 = -18, 0 = 4*q + 5*v - 26. Let t be -41 - (-4 + 2) - q. Let d = t + 80. Is d a prime number?
True
Let h(x) = -3263*x**3 - 2*x - 2. Is h(-1) a prime number?
False
Suppose -n + 2*n - 2320 = -4*v, 0 = -n + 4. Suppose w - 4747 = -4*r, -2*r = -w - 1796 - v. Is r composite?
False
Let v be 4/(-20) - (-604)/20. Let o = v - 31. Is (81 - o)/((-6)/(-33)) prime?
False
Let y = -9651 + 13756. Is y a prime number?
False
Suppose -2*p = 5*g - 2*g - 41, 0 = -5*g - p + 73. Suppose -19*h = -g*h - 764. Is h a composite number?
False
Let n(j) = -147*j - 25. Is n(-4) composite?
False
Let h(k) = -k**3 + k**2 + 3*k - 3. Let v be h(2). Suppose 4*i + 33 = 37. Is ((v - i) + 1)*-611 a prime number?
False
Suppose 2*l = z + 7, -2*l + 3*z + 4 = -1. Suppose -l*i = 1 + 7. Is i - (3 - 135 - -3) composite?
False
Let q(x) = 493*x**2 + 16*x - 30. Is q(7) a composite number?
False
Suppose 0*i - i + 4*o + 104 = 0, -5*o + 545 = 5*i. Suppose -i = -2*g - g. Let s = g - 10. Is s a prime number?
False
Let q = -7204 - -12604. Suppose 2*l + l = -q. Is (-1)/1 + l/(-10) prime?
True
Suppose -2*z + 6 = -5*a - 0*z, 4*a + 2*z = 6. Suppose u + 2*u - 3156 = a. Suppose 3*x - u = -x. Is x composite?
False
Let a = 24 + -21. Suppose 0 = -2*t + 4*v + 18, a*t + 5*v + 18 = 4*t. Is 3/(220/(-74) + t) composite?
True
Suppose 1116 = -l + 8891. Suppose -6*d + d = -l. Is d a prime number?
False
Suppose -340 = -3*b - 82. Suppose 75 = v - b. Is v a composite number?
True
Let z = -1067 - -1676. Let o(c) = c - 2. Let j be o(5). Suppose -4*i = -3*w + z, 0 = j*w + i + 3*i - 585. Is w a composite number?
False
Let x = 22 + -30. Is (-12*x/128)/(2/8) prime?
True
Let n be (49/4)/(3/492). Suppose -5*x + n + 936 = 0. Let p = 968 - x. Is p composite?
False
Let u(o) be the third derivative of o**6/120 + o**5/4 - o**4/2 + 31*o**3/6 + 16*o**2. Is u(-15) a prime number?
True
Let h be ((-2572)/(-6))/((-4)/(-6)). Suppose -h = -5*k - 2*s, 5*k - 4*s - 246 = 373. Is k a composite number?
False
Let b be -3*8/108*-111*3. Suppose -2*p + 70 = -y, 5*p - 5*y - b = 101. Is p prime?
False
Let g be 2 + (-1 - (-1 + -2)). Let z be (g - -2)/(2/526). Suppose -8*o + 2*o = -z. Is o a composite number?
False
Suppose 0 = -5*w - 77 - 13. Let f = w - -16. Is 36 - (-3 - (-2 - f)) a composite number?
True
Let b(x) be the second derivative of 13*x**5/20 + x**4/6 - 3*x**2/2 + 3*x. Let a(c) = 2*c**2 - 2*c + 2. Let j be a(0). Is b(j) a prime number?
True
Let w(s) = 2*s**3 + 9*s**2 - 4*s - 17. Let n(j) = -j**3 - 5*j**2 + 2*j + 9. Let v(x) = 5*n(x) + 2*w(x). Is v(-10) a composite number?
True
Suppose 4*l + 102 = -2*d, -4*d = -5*l - 5*d - 129. Let u = l - -20. Is u/(-4)*(-4568)/(-12) a composite number?
False
Suppose 9 = -3*w, -w = -2*i - 0*w + 4309. Let y = i + -982. Is y prime?
True
Suppose 2*l + 6996 = 3*j + l, 2*l = -2*j + 4664. Let c = 4093 - j. Is c prime?
False
Let q(p) = -327*p - 178. Is q(-7) prime?
True
Suppose 18 - 12 = 3*f. Suppose 2*s - f*b = 532, -4*b + 5*b + 1067 = 4*s. Is s prime?
False
Suppose 5*c - 953 = 4*f, -5*c + 0*f = -5*f - 955. Let r = 446 - c. Is r prime?
True
Let p(o) = -332*o - 81. Is p(-20) a composite number?
True
Let q(c) be the first derivative of 85*c**2 - 11*c - 11. Is q(5) a prime number?
True
Let n(t) = -135*t - 86*t - 1 - 45*t. Is n(-1) a prime number?
False
Let m(t) = t + 11. Let h be m(-5). Suppose 3*z + 4*k - 7 = h*z, 0 = 4*k - 16. Suppose 0 = -2*c + z*c - 221. Is c a prime number?
False
Suppose -2*s - 3*u - 3 = s, -5 = -4*s + 5*u. Is 1/(s + (2 - (-7092)/(-3548))) prime?
True
Let j(p) = -1699*p - 312. Is j(-7) prime?
False
Suppose 5*w = 3*a + 5, 5*a - 15 = -w + 14. Suppose -a*d - 2525 = -10*d. Is d a prime number?
False
Suppose 2954 = -5*u + 7*u. Let n be (u/21)/((-1)/(-18)). Suppose 0 = 3*b - 27 - n. Is b composite?
False
Let l(v) = 5*v. Let o be l(1). Suppose -z + 20 = -o*z, -z = 4*p - 7. Suppose -76 = -4*w + u, -5*w - p*u - 41 + 136 = 0. Is w a composite number?
False
Let s(z) = z**3 - 17*z**2 - 41*z - 19. Let u be s(23). Let x = -965 + u. Is x prime?
False
Suppose 7*d - 1231 = 4390. Is d prime?
False
Let k(y) = y - 9. Let r be k(3). Is (9/r)/(9/(-1794)) composite?
True
Suppose 14*y - 15*y + 2231 = 0. Is y a composite number?
True
Let j(u) = 15*u**2 + 1. Let m be j(6). Suppose -m = -3*f - 70. Suppose -o + 348 + f = 0. Is o prime?
False
Let p be 3/6 + 1 + (-9)/6. Let q(w) = -w**2 - w. Let m be q(-1). Suppose m = 2*r + r, 3*o + 2*r - 423 = p. Is o a composite number?
True
Suppose -10*g = 8*g - 1356786. Is g composite?
False
Let z(b) = b**3 + 3*b**2 - b - 3. Let q be z(-3). Suppose q = 2*l - 5*l. Suppose l*p - 164 = -3*o - p, 0 = o - 3*p - 58. Is o prime?
False
Suppose 2*t = 8 + 2. Suppose 4*p - t*c = p + 22, 11 = 4*p - 3*c. Let r(i) = -60*i - 1. Is r(p) a composite number?
False
Suppose 4*o = 3*o + 177. Suppose -4*r + o = v, -3*v + r + 570 = -0*r. Suppose -167 = -4*x + v. Is x prime?
True
Let h be ((-40)/15)/((-4)/54). Suppose -h = -3*x + 3*t, 4*t + 40 = 4*x - x. Is ((-4)/x)/(2/(-956)) a prime number?
True
Let r(z) = -1530*z + 151. Is r(-5) composite?
True
Let j = -7488 + 11989. Suppose -4*w = -5*h + j, -2*h - w + 0*w = -1790. Suppose 889 = 5*f + 3*p - 0*p, 5*f - p - h = 0. Is f a composite number?
False
Let t(p) = 52*p + 11. Let m = -40 + 44. Is t(m) prime?
False
Let g = 14 + 0. Suppose 26*z - 52*z = -3744. Let b = g + z. Is b a prime number?
False
Let q be (-1)/(-2) - 21/(-6). Let f be -4 - (-44)/(-8)*-302. Suppose -3*m - 5314 = -5*a, -4*m - 2599 = -q*a +